32
-48 (base 16) to base 9
-80
-36 (base 9) to base 2
-100001
-29 (base 10) to base 9
-32
-71 (base 14) to base 8
-143
-3a (base 14) to base 9
-57
Convert -65 (base 8) to base 2.
-110101
4 (base 5) to base 14
4
12b (base 12) to base 14
cb
What is 4 (base 11) in base 15?
4
Convert -2 (base 5) to base 14.
-2
Convert 144 (base 12) to base 15.
d1
Convert 130 (base 10) to base 16.
82
What is -13 (base 10) in base 8?
-15
Convert -c (base 16) to base 6.
-20
What is -4 (base 16) in base 6?
-4
What is 13 (base 16) in base 13?
16
Convert 1 (base 8) to base 11.
1
What is 1 (base 8) in base 3?
1
Convert 1 (base 12) to base 13.
1
Convert 21 (base 4) to base 14.
9
209 (base 11) to base 5
2001
Convert -121 (base 6) to base 10.
-49
-124 (base 5) to base 11
-36
Convert 100 (base 2) to base 8.
4
8 (base 10) to base 2
1000
5 (base 6) to base 12
5
Convert 15 (base 7) to base 13.
c
What is -51 (base 6) in base 7?
-43
Convert -13 (base 9) to base 7.
-15
-f2 (base 16) to base 12
-182
-36 (base 9) to base 8
-41
What is 133 (base 7) in base 9?
81
What is 0 (base 9) in base 4?
0
Convert -2200 (base 3) to base 15.
-4c
Convert 2 (base 4) to base 14.
2
What is 11 (base 3) in base 4?
10
Convert 17 (base 11) to base 8.
22
-11 (base 2) to base 7
-3
56 (base 8) to base 13
37
What is 2d (base 16) in base 9?
50
29 (base 10) to base 3
1002
Convert 318 (base 10) to base 7.
633
2 (base 6) to base 13
2
What is 4 (base 8) in base 10?
4
What is 4 (base 12) in base 3?
11
Convert c (base 15) to base 2.
1100
What is -45 (base 13) in base 15?
-3c
What is 30 (base 10) in base 16?
1e
1 (base 8) to base 3
1
122 (base 3) to base 15
12
-14a (base 12) to base 16
-ca
Convert -304 (base 7) to base 15.
-a1
111 (base 2) to base 8
7
1 (base 7) to base 3
1
6 (base 15) to base 4
12
-2 (base 14) to base 4
-2
10 (base 6) to base 10
6
Convert 1 (base 12) to base 4.
1
Convert -1 (base 13) to base 3.
-1
36 (base 8) to base 3
1010
12 (base 7) to base 14
9
2 (base 4) to base 3
2
What is -67 (base 14) in base 8?
-133
-b2 (base 16) to base 8
-262
-143 (base 8) to base 16
-63
Convert 8 (base 12) to base 5.
13
-88 (base 14) to base 13
-93
245 (base 11) to base 16
123
What is -134 (base 6) in base 8?
-72
Convert 3 (base 8) to base 16.
3
-e (base 15) to base 11
-13
2 (base 11) to base 2
10
What is 7b (base 15) in base 16?
74
What is -113 (base 13) in base 6?
-505
-2 (base 11) to base 14
-2
Convert 144 (base 11) to base 16.
a9
-44 (base 10) to base 16
-2c
Convert 85 (base 11) to base 15.
63
What is -4 (base 6) in base 11?
-4
6 (base 7) to base 13
6
28 (base 12) to base 9
35
5 (base 16) to base 12
5
Convert 16 (base 11) to base 12.
15
What is -10 (base 12) in base 3?
-110
What is -10 (base 2) in base 16?
-2
Convert -1222 (base 3) to base 9.
-58
What is 101100111 (base 2) in base 6?
1355
Convert 8 (base 16) to base 11.
8
-23 (base 5) to base 8
-15
Convert 145 (base 9) to base 16.
7a
Convert -8 (base 14) to base 6.
-12
Convert 444 (base 5) to base 2.
1111100
Convert -2 (base 5) to base 13.
-2
-8 (base 12) to base 10
-8
What is 58 (base 12) in base 5?
233
-6 (base 8) to base 14
-6
10 (base 4) to base 3
11
-6 (base 14) to base 15
-6
What is -11 (base 2) in base 14?
-3
0 (base 12) to base 9
0
54 (base 6) to base 9
37
-2 (base 8) to base 4
-2
What is 15 (base 9) in base 12?
12
0 (base 4) to base 13
0
-30 (base 5) to base 4
-33
4 (base 8) to base 2
100
What is 56 (base 11) in base 13?
49
-e (base 16) to base 4
-32
What is 2 (base 11) in base 5?
2
Convert -1 (base 16) to base 9.
-1
-4 (base 14) to base 10
-4
13 (base 14) to base 9
18
Convert -2 (base 10) to base 6.
-2
Convert -11 (base 4) to base 2.
-101
Convert -8 (base 14) to base 10.
-8
0 (base 12) to base 10
0
What is 14 (base 5) in base 13?
9
Convert -29 (base 14) to base 6.
-101
Convert -d (base 16) to base 6.
-21
What is -10 (base 16) in base 4?
-100
What is -4a (base 11) in base 7?
-105
1 (base 14) to base 9
1
8 (base 11) to base 7
11
Convert -3 (base 5) to base 11.
-3
3 (base 13) to base 2
11
Convert -11 (base 8) to base 16.
-9
-45 (base 6) to base 3
-1002
Convert -1 (base 13) to base 11.
-1
What is 5 (base 16) in base 5?
10
-1030 (base 4) to base 6
-204
What is 22 (base 8) in base 13?
15
Convert -12 (base 10) to base 4.
-30
0 (base 11) to base 10
0
What is -21 (base 6) in base 12?
-11
-9 (base 15) to base 5
-14
Convert 1011 (base 3) to base 9.
34
-1 (base 13) to base 8
-1
-20 (base 3) to base 12
-6
-3 (base 4) to base 5
-3
-322 (base 4) to base 5
-213
What is 31 (base 4) in base 7?
16
What is 1 (base 12) in base 5?
1
Convert -11 (base 6) to base 8.
-7
Convert 2 (base 16) to base 4.
2
0 (base 3) to base 14
0
-2 (base 15) to base 10
-2
-37 (base 16) to base 7
-106
What is 5 (base 16) in base 2?
101
Convert -2 (base 10) to base 5.
-2
Convert -11020 (base 3) to base 6.
-310
Convert 0 (base 15) to base 8.
0
What is 2232 (base 5) in base 9?
382
Convert -342 (base 6) to base 3.
-11222
What is -5 (base 13) in base 15?
-5
Convert -123 (base 8) to base 5.
-313
Convert 159 (base 11) to base 8.
271
Convert 1 (base 16) to base 14.
1
What is 7 (base 11) in base 5?
12
What is -10122 (base 3) in base 5?
-343
Convert 2 (base 15) to base 9.
2
3 (base 14) to base 9
3
What is -2 (base 16) in base 10?
-2
17 (base 15) to base 9
24
What is -1001000 (base 2) in base 9?
-80
What is 15 (base 6) in base 8?
13
What is -12 (base 4) in base 2?
-110
Convert -31 (base 14) to base 3.
-1121
-132 (base 6) to base 15
-3b
What is -12 (base 4) in base 9?
-6
What is -b (base 15) in base 5?
-21
Convert 2 (base 10) to base 3.
2
What is -98 (base 14) in base 7?
-251
Convert 5 (base 6) to base 2.
101
What is -342 (base 9) in base 11?
-236
What is -20 (base 10) in base 4?
-110
-3 (base 9) to base 14
-3
What is a (base 14) in base 2?
1010
Convert -11100 (base 2) to base 15.
-1d
Convert 2 (base 9) to base 14.
2
-13 (base 12) to base 5
-30
What is -1 (base 11) in base 3?
-1
What is -1 (base 10) in base 8?
-1
-2 (base 10) to base 6
-2
Convert -126 (base 7) to base 5.
-234
-1 (base 11) to base 8
-1
-11202 (base 3) to base 4
-2000
103 (base 13) to base 3
20101
What is -3 (base 7) in base 14?
-3
What is -74 (base 10) in base 13?
-59
7 (base 9) to base 14
7
Convert 3 (base 5) to base 11.
3
-3 (base 14) to base 4
-3
15 (base 6) to base 10
11
-1 (base 15) to base 6
-1
Convert -1000 (base 2) to base 11.
-8
Convert -43 (base 6) to base 9.
-30
106 (base 8) to base 11
64
110 (base 3) to base 6
20
-132 (base 7) to base 11
-66
Convert -123 (base 6) to base 10.
-51
What is -10 (base 2) in base 15?
-2
4 (base 15) to base 14
4
What is -1 (base 9) in base 7?
-1
11 (base 2) to base 16
3
22 (base 3) to base 10
8
Convert -1 (base 3) to base 13.
-1
Convert 36 (base 9) to base 8.
41
3 (base 7) to base 16
3
-21 (base 15) to base 11
-29
Convert -46 (base 8) to base 5.
-123
Convert -10011100 (base 2) to base 15.
-a6
What is -32 (base 16) in base 8?
-62
1 (base 15) to base 13
1
0 (base 12) to base 10
0
What is 64 (base 9) in base 2?
111010
What is -255 (base 12) in base 2?
-101100001
-2130 (base 5) to base 11
-244
What is 42 (base 6) in base 9?
28
-2041 (base 5) to base 11
-227
Convert -103 (base 4) to base 13.
-16
What is -6 (base 9) in base 4?
-12
What is 2 (base 15) in base 4?
2
What is 3 (base 13) in base 9?
3
-11 (base 2) to base 10
-3
Convert -31 (base 11) to base 2.
-100010
What is 3 (base 6) in base 3?
10
What is 30 (base 14) in base 9?
46
What is -6 (base 12) in base 9?
-6
What is 332 (base 4) in base 7?
116
What is 8 (base 16) in base 15?
8
Convert -114 (base 8) to base 5.
-301
3 (base 5) to base 9
3
Convert 81 (base 15) to base 10.
121
Convert -5 (base 6) to base 9.
-5
-1123 (base 5) to base 13
-c7
-1 (base 8) to base 12
-1
Convert 1100 (base 2) to base 8.
14
1 (base 3) to base 7
1
What is 14 (base 5) in base 14?
9
What is 0 (base 11) in base 16?
0
Convert -38 (base 9) to base 12.
-2b
Convert -77 (base 8) to base 6.
-143
Convert -2 (base 7) to base 11.
-2
Convert -5 (base 7) to base 10.
-5
Convert 1 (base 2) to base 15.
1
-2 (base 11) to base 7
-2
What is 211 (base 6) in base 8?
117
Convert -10011 (base 2) to base 13.
-16
What is 2 (base 6) in base 15?
2
6 (base 13) to base 4
12
-3 (base 4) to base 9
-3
-73 (base 13) to base 15
-64
Convert 2c (base 15) to base 7.
60
-111 (base 3) to base 2
-1101
Convert -3 (base 6) to 